hundreds digit of 1645947?
9
What is the tens digit of 1339622?
2
What is the units digit of 360531?
1
What is the thousands digit of 652890?
2
What is the tens digit of 2275079?
7
What is the units digit of 865914?
4
What is the thousands digit of 2441383?
1
What is the hundred thousands digit of 3422131?
4
What is the units digit of 4686634?
4
What is the units digit of 2202578?
8
What is the units digit of 109123?
3
What is the units digit of 408158?
8
What is the ten thousands digit of 308679?
0
What is the thousands digit of 403333?
3
What is the tens digit of 93895?
9
What is the hundred thousands digit of 2250969?
2
What is the thousands digit of 1480187?
0
What is the units digit of 4295678?
8
What is the units digit of 494504?
4
What is the ten thousands digit of 1745405?
4
What is the ten thousands digit of 501948?
0
What is the tens digit of 539909?
0
What is the ten thousands digit of 10135937?
3
What is the hundred thousands digit of 336212?
3
What is the hundred thousands digit of 217718?
2
What is the tens digit of 10431095?
9
What is the millions digit of 3313251?
3
What is the ten thousands digit of 2189047?
8
What is the units digit of 1132355?
5
What is the units digit of 229191?
1
What is the ten thousands digit of 17273245?
7
What is the thousands digit of 161423?
1
What is the ten thousands digit of 35199?
3
What is the hundreds digit of 146954?
9
What is the units digit of 131661?
1
What is the units digit of 312028?
8
What is the ten thousands digit of 3139201?
3
What is the ten thousands digit of 14405365?
0
What is the hundreds digit of 843024?
0
What is the hundred thousands digit of 820901?
8
What is the millions digit of 11437232?
1
What is the thousands digit of 509949?
9
What is the thousands digit of 15163618?
3
What is the ten thousands digit of 1905008?
0
What is the units digit of 122078?
8
What is the tens digit of 582042?
4
What is the hundred thousands digit of 178075?
1
What is the hundreds digit of 866256?
2
What is the thousands digit of 3103553?
3
What is the thousands digit of 99733?
9
What is the hundreds digit of 199029?
0
What is the hundred thousands digit of 7867245?
8
What is the ten thousands digit of 595622?
9
What is the ten thousands digit of 569108?
6
What is the units digit of 159285?
5
What is the ten thousands digit of 18874241?
7
What is the ten thousands digit of 291013?
9
What is the hundreds digit of 257701?
7
What is the hundred thousands digit of 5728511?
7
What is the hundred thousands digit of 1557420?
5
What is the ten thousands digit of 705039?
0
What is the hundreds digit of 2034853?
8
What is the tens digit of 4576001?
0
What is the hundred thousands digit of 6333710?
3
What is the units digit of 39999?
9
What is the thousands digit of 2311676?
1
What is the thousands digit of 1303647?
3
What is the hundreds digit of 6346605?
6
What is the hundred thousands digit of 419316?
4
What is the units digit of 6271?
1
What is the hundred thousands digit of 11454154?
4
What is the tens digit of 1090137?
3
What is the units digit of 3130484?
4
What is the ten millions digit of 12530469?
1
What is the thousands digit of 260856?
0
What is the tens digit of 22290886?
8
What is the hundred thousands digit of 7734630?
7
What is the hundreds digit of 479445?
4
What is the hundreds digit of 118516?
5
What is the tens digit of 308625?
2
What is the hundred thousands digit of 1214331?
2
What is the hundreds digit of 1189543?
5
What is the millions digit of 3201125?
3
What is the thousands digit of 201481?
1
What is the thousands digit of 401941?
1
What is the ten thousands digit of 568078?
6
What is the hundreds digit of 5757385?
3
What is the ten thousands digit of 16667473?
6
What is the hundred thousands digit of 107132?
1
What is the units digit of 194041?
1
What is the tens digit of 9682417?
1
What is the ten thousands digit of 34459982?
5
What is the ten thousands digit of 490164?
9
What is the hundred thousands digit of 7401277?
4
What is the tens digit of 14065810?
1
What is the ten thousands digit of 36772?
3
What is the millions digit of 2546404?
2
What is the tens digit of 180515?
1
What is the ten thousands digit of 38217961?
1
What is the hundred thousands digit of 182791?
1
What is the ten thousands digit of 2877790?
7
What is the units digit of 40726406?
6
What is the ten thousands digit of 6483996?
8
What is the thousands digit of 2458431?
8
What is the tens digit of 13289667?
6
What is the ten thousands digit of 114783?
1
What is the units digit of 366302?
2
What is the tens digit of 1187401?
0
What is the units digit of 15271233?
3
What is the tens digit of 1762118?
1
What is the hundred thousands digit of 120931?
1
What is the hundreds digit of 575515?
5
What is the millions digit of 3998106?
3
What is the hundreds digit of 588213?
2
What is the hundreds digit of 8511718?
7
What is the tens digit of 165402?
0
What is the tens digit of 181612?
1
What is the tens digit of 22605?
0
What is the thousands digit of 61382?
1
What is the tens digit of 3466369?
6
What is the hundreds digit of 36940889?
8
What is the hundreds digit of 4281800?
8
What is the units digit of 752324?
4
What is the hundreds digit of 55714?
7
What is the units digit of 19878158?
8
What is the tens digit of 3135317?
1
What is the hundreds digit of 167161?
1
What is the millions digit of 3241108?
3
What is the ten thousands digit of 18681452?
8
What is the thousands digit of 822032?
2
What is the ten millions digit of 16895532?
1
What is the ten millions digit of 11933282?
1
What is the hundreds digit of 668083?
0
What is the hundreds digit of 159083?
0
What is the hundred thousands digit of 4920327?
9
What is the units digit of 67606?
6
What is the units digit of 456134?
4
What is the hundred thousands digit of 539716?
5
What is the units digit of 1555267?
7
What is the hundreds digit of 210333?
3
What is the thousands digit of 116823?
6
What is the tens digit of 33917987?
8
What is the tens digit of 1905589?
8
What is the tens digit of 467347?
4
What is the hundreds digit of 986749?
7
What is the units digit of 11913?
3
What is the hundreds digit of 1092932?
9
What is the hundred thousands digit of 3425468?
4
What is the hundred thousands digit of 378327?
3
What is the hundred thousands digit of 112646?
1
What is the ten thousands digit of 1482226?
8
What is the tens digit of 123444?
4
What is the ten thousands digit of 441509?
4
What is the units digit of 2801160?
0
What is the hundreds digit of 1284360?
3
What is the hundred thousands digit of 726395?
7
What is the millions digit of 4100758?
4
What is the thousands digit of 273306?
3
What is the tens digit of 2503576?
7
What is the units digit of 2129958?
8
What is the thousands digit of 175701?
5
What is the tens digit of 8990983?
8
What is the ten thousands digit of 450957?
5
What is the hundreds digit of 168192?
1
What is the millions digit of 1070041?
1
What is the ten thousands digit of 10829278?
2
What is the units digit of 474590?
0
What is the thousands digit of 5368174?
8
What is the thousands digit of 336404?
6
What is the hundreds digit of 2808011?
0
What is the ten thousands digit of 1108370?
0
What is the thousands digit of 1711233?
1
What is the millions digit of 1889645?
1
What is the hundred thousands digit of 12339027?
3
What is the tens digit of 2666457?
5
What is the hundred thousands digit of 3091009?
0
What is the units digit of 1618050?
0
What is the hundreds digit of 152443?
4
What is the millions digit of 23554736?
3
What is the ten thousands digit of 1893877?
9
What is the tens digit of 3535704?
0
What is the tens digit of 2132988?
8
What is the hundreds digit of 1138886?
8
What is the ten thousands digit of 15348192?
4
What is the hundreds digit of 345323?
3
What is the millions digit of 2841177?
2
What is the hundred thousands digit of 2158074?
1
What is the hundred thousands digit of 1732563?
7
What is the ten thousands digit of 204555?
0
What is the tens digit of 1166812?
1
What is the ten millions digit of 12964043?
1
What is the tens digit of 358?
5
What is the thousands digit of 31143?
1
What is the hundred thousands digit of 1353615?
3
What is the units digit of 1166121?
1
What is the units digit of 24594?
4
What is th